 of d(4)?
9
Let r(l) be the third derivative of 0 + 0*l - 1/6*l**4 + 1/60*l**5 + 2/3*l**3 - 2*l**2. What is the units digit of r(3)?
1
Let w = 15 - 24. Let h(n) = n**3 + 10*n**2 + 8*n + 4. What is the tens digit of h(w)?
1
Let l(c) = -c**2 + 7*c - 5. Let a be l(5). Suppose -4*z + 113 = b, a*z + 4*b - 155 = -0*z. What is the units digit of z?
7
Let i = -346 + 497. What is the tens digit of i?
5
Let s be 0 - (-4)/2*1. What is the units digit of ((-9)/2)/(s/(-4))?
9
Suppose -6*r + 14 + 10 = 0. What is the units digit of r?
4
Suppose 19 + 14 = -3*c. Let j = 25 + c. What is the units digit of j?
4
Let f = 0 + 6. Suppose f*z - 2*z - 4 = 0. What is the units digit of (6 + -2 + -1)*z?
3
Let i = 3 + 2. What is the units digit of (-6)/((5/(-2))/i)?
2
Let h = 1 + 0. Let a(g) = 7*g**2 - g. Let j be a(h). What is the units digit of (9/j + -2)*-4?
2
Let h = -144 + 208. What is the tens digit of h?
6
Let g = 22 - 4. What is the tens digit of g?
1
Let g(o) = o**2 + 3*o - 4. Let h(z) = -z - 2. Let l be h(4). What is the tens digit of g(l)?
1
Let b(h) = 1 - 7*h - 1 - 4*h**2 + 3*h**2. What is the tens digit of b(-4)?
1
Let o = -12 + 156. What is the tens digit of o?
4
Suppose -z - 2*f + 90 = 0, 0 = -4*z + f - 79 + 475. What is the units digit of z?
8
Let b be (1/2)/(8/48). Let g(y) = -y**3 + 4*y**2 + 2*y - 3. What is the tens digit of g(b)?
1
Let h(k) = k**3 + 7*k**2 - 6*k + 1. What is the units digit of h(-7)?
3
Suppose -4*p + 4 = 0, 2*j + 150 = -2*p + 498. What is the units digit of j?
3
Let c = 507 + -338. What is the units digit of c?
9
Suppose 3*n - s = 344, 2*s + s = 2*n - 220. What is the units digit of n?
6
Let p = 25 + -12. Suppose p = 4*u - 55. What is the units digit of u?
7
Suppose 5*b - 4*b + 5*p = 27, 4*p = 20. Suppose -13 = -b*c + 5. What is the units digit of c?
9
Suppose 0 = 3*k + k - 560. What is the tens digit of k?
4
Suppose -3*l - 28 = 4*v + 15, -v = 5*l - 2. Let j = -38 - -12. Let q = v - j. What is the units digit of q?
3
Let r(b) = 7*b - 29. What is the units digit of r(5)?
6
Let g(n) = n**2 + 8*n + 25. What is the units digit of g(-10)?
5
Suppose 0 = -5*i + 5*z - 10, 4*i - 3*z - 2*z = -7. Let j(r) = -r**2 + 6*r + 6. Let n be j(5). Let b = n + i. What is the units digit of b?
8
Let q = -356 - -578. What is the hundreds digit of q?
2
Let j(a) = 2*a**2 + 14*a - 1. Let g(v) = -v**2 - 7*v. Let s(i) = -5*g(i) - 2*j(i). Let r be s(-5). Let l = r - -18. What is the units digit of l?
0
Suppose 0 = u + 3*u + 8. Let k = u - -4. What is the units digit of k?
2
What is the tens digit of 1 + (4 - 5) - (0 - 79)?
7
Let s = -3 - -1. What is the units digit of -1 + 6/3 - s?
3
Let p = -9 - -5. Let t = -15 - p. Let x = t + 15. What is the units digit of x?
4
Suppose g - 8 = -5*a - 3*g, g - 2 = 0. Let o = 3 + 1. Suppose -o*p - 13 + 45 = a. What is the units digit of p?
8
What is the units digit of (-2)/(-10) + (-139)/(-5)?
8
Let y(c) = 7*c**3 + 13*c**2 + 3*c + 1. Let n(b) = -11*b**3 - 20*b**2 - 4*b - 1. Let v(r) = 5*n(r) + 8*y(r). What is the units digit of v(-2)?
3
Suppose s - 4*z - 1 - 18 = 0, -5*z + 28 = s. What is the tens digit of s?
2
Let h(u) = -u**2 + 7*u + 6. Let s be h(6). Suppose v - 5*q = 25, 4*q = 4*v - 40 - s. What is the units digit of v?
0
Let y(i) = -56*i**3 + i. Let w be y(-1). Let c = w - 37. What is the tens digit of c?
1
Suppose 0 = 5*s - 3*s. Suppose -8*i + 4*d = -4*i - 104, -2*d - 8 = s. Suppose -2*t = -3*t + i. What is the units digit of t?
2
Let t = 55 + -20. What is the units digit of t?
5
Let g(h) = 3*h - 7 - 10*h + 2 - h**2. Let w = -9 - -5. What is the units digit of g(w)?
7
What is the units digit of ((-111)/(-2))/(4/8)?
1
Suppose 7 - 3 = -4*a. Let n = 1 - a. Suppose -3*f - 3*q + 0*q = -63, -n*q = -2*f + 22. What is the units digit of f?
6
Let z be (-2 + 1)*-1 + 5. Suppose -5*c = 4*u - 26, -u - z = -9*c + 4*c. Suppose 8 = 4*q + 2*d - u*d, -5*q + 7 = -4*d. What is the units digit of q?
3
Suppose 0 = 3*i + 3 + 6. What is the units digit of 7 - (i + 3) - 1?
6
Let j(k) = -k**2 + 10*k + 7. Let w be j(7). Let y = w + -12. What is the units digit of y?
6
Let l = 4 - -8. Let f = 7 - -4. What is the units digit of l/(-30)*(1 - f)?
4
Suppose 0 = 5*l - 7*l + 518. What is the units digit of l?
9
Let j be (-1*1)/((-9)/(-54)). What is the tens digit of (10/j)/((-8)/120)?
2
Let z(n) = 63*n - 6. What is the units digit of z(2)?
0
Let w = 155 - -94. What is the tens digit of w?
4
Let o be ((-2)/1 - -1)*1. Let u be (-4 - -1)/(-9 + 8). What is the units digit of -1 - u*o - -5?
7
Let l(h) = h + 1. Let v be l(7). Suppose -v = -0*w - 4*w. What is the units digit of w?
2
Suppose -9*k + 6*k + 27 = 3*z, -38 = -2*k + 3*z. Let q be (-2)/(-2)*k + -2. Suppose -28 = -n - q. What is the tens digit of n?
1
Let o(c) = 2*c**2 + 6*c. Let j = 4 + -8. Let l be o(j). Suppose 5*m - 3*s = -5 + 16, 3*s = 2*m - l. What is the units digit of m?
1
Let z(l) = l**2 + 3*l - 3. Let k(b) = -2*b**2 - 5*b + 6. Let r(n) = -2*k(n) - 5*z(n). Let g be r(-5). What is the units digit of -3 + (5 - g - -10)?
9
Let s(x) = -2*x**3 + 2*x**2 + 2*x - 4. Let f be s(3). Let v = f - -47. What is the tens digit of v?
1
Suppose -5*o = -3*r + 21, r + 4 = -2*o - 0*r. What is the tens digit of o/(((-9)/(-60))/(-1))?
2
Suppose 0 = 2*h + 5*k + 26, h + 4*k = 3*h - 10. Let b = -71 - -44. What is the units digit of (b/6)/(h/6)?
9
Let o(g) = -g**3 + 6*g**2 - 3*g. Suppose -5*n + 4*d - 6 = 0, -d = -2*d + 4. Suppose -n = -4*t + 6. What is the units digit of o(t)?
0
Suppose 4 + 13 = r. What is the units digit of r?
7
Let a(q) = q**2 - 6*q + 4. Let y be a(6). Suppose 0*g - y*g = 12, -5*w + 5*g + 40 = 0. What is the units digit of w?
5
Suppose -4*v = v - 4*m + 8, v + 4 = 2*m. Suppose v = -0*f - 2*f + 32. What is the units digit of f?
6
Suppose 0 = 5*o - 4*o - 3. Let d(b) = -b**2 + 11*b - 6. Let k be d(10). Suppose 8 - 38 = -3*s + o*n, 0 = n + k. What is the units digit of s?
6
Suppose 3*s - 2 = 5*a, 4*s + 3*a + a - 24 = 0. Suppose 5 = s*j - 19. What is the units digit of (0 + j)*(-8)/(-6)?
8
Suppose -2*u = -7*u + 195. What is the tens digit of u?
3
Let q be 2/11 + (-92)/22. Let r = -1 - q. Let w = r - 1. What is the units digit of w?
2
Let m(l) = 0 - l**2 - 3 - 6*l - 3. Let i be m(-4). Let b = i - -1. What is the units digit of b?
3
Suppose -2*g + 2*y + 4 = 0, 3*g + g = 5*y + 4. Let r = g - -24. What is the units digit of r?
0
Let c(t) = 1. Let j(g) = -2*g + 8. Let w(f) = -18*c(f) + 2*j(f). Let m be w(-5). What is the units digit of (5 - 1)*m/8?
9
Let b(i) = -7*i - 17. What is the tens digit of b(-7)?
3
Let j(g) = g**3 - 4*g**2 + 2. Let m be j(4). Suppose -m*x = -n - 43, -3*n + 18 = x - 0*n. What is the tens digit of x?
2
What is the units digit of ((-228)/(-10))/((-20)/(-50))?
7
Let y = -135 - -226. What is the units digit of y?
1
Let h(b) = -5*b - 1. Let t be h(-2). Let c(d) = 11 - 3*d**2 + 4*d**2 - 8*d - d**3 + 9*d**2. What is the tens digit of c(t)?
2
Let q = -151 + 244. What is the units digit of q?
3
Suppose 46 = f + 4*m, -4*m = -f + 14 - 0. What is the units digit of f?
0
Suppose -y + 13 = -4*x, -2*y + x + 9 = -3. Suppose -48 = -y*c + 52. Suppose 3*t = -t + c. What is the units digit of t?
5
Let l(b) = -53*b. What is the tens digit of l(-1)?
5
Suppose 15*d - 19*d = -304. What is the units digit of d?
6
Suppose 3*n = 4*w + 142, 0*w = 3*n - 2*w - 152. Suppose j = -0*j + n. What is the tens digit of j?
5
Suppose 2430 = 4*p - 2*y, y - 3041 = p - 6*p. Suppose 4*j - 3*o + 508 = 0, -5*j - 3*o + 0*o = p. What is the tens digit of (-12)/30 + j/(-10)?
1
Let y = 46 + -32. Suppose -92 = -18*n + y*n. What is the tens digit of n?
2
Suppose 95 = 3*c - 5*j, 5*j + 11 + 49 = 2*c. What is the tens digit of c?
3
Let c(x) = x**3 + 7*x**2 + x + 4. What is the units digit of c(-4)?
8
Let z(o) = -o**3 - 9*o**2 + 6. What is the units digit of z(-9)?
6
Let n be ((-4)/8)/((-1)/24). Suppose -j + 2*j - n = 0. What is the tens digit of j?
1
Suppose 2*s = -5*c - 23, -4*c + 2*s + 2*s = 24. Suppose -3*i + 2 = -5*t - 7*i, 3*i = 5*t + 16. What is the units digit of (t/(-5))/(c/(-75))?
6
Suppose -3*q + 29 = 5*o, q = 2*q - 3. Suppose 4*v - 2*a - 98 = 0, 0*v - o*a = 3*v - 46. What is the units digit of v?
2
Let f be -1 - -1*(0 + 0). Let r = f - -5. Suppose 0 = -3*u + 5*a - 0*a + 12, u - 4*a - r = 0. What is the units digit of u?
4
Let m